(12 - -30 - 134)?
81
43 - (-16 + 24 + -25 + 12)
48
Evaluate -5 + 4 - ((-1 - 10) + 6) - -35.
39
-191 - -131 - -30 - ((1 - 4) + 1)
-28
Calculate 55 + 2 - (23 - (18 + (25 - (0 + 27)))).
50
Evaluate -2 + 1 + -3 - 55 - ((-40 - -22) + 15).
-56
48 + (-16 - -1) + 22 + -13
42
What is the value of -115 - -19 - (-87 + -45)?
36
What is -6 + -62 + 144 + -64?
12
What is (32 - -3 - 0) + 272 + -298?
9
What is (203 - 213) + 0 + -7 + 1 + (-5 - -5)?
-16
Evaluate -70 - ((35 - (-4 + 26)) + -32).
-51
What is (6 - (3 + -1) - 7) + 37 + 8?
42
Evaluate (0 + (-29 - 1) - -8) + 23.
1
What is the value of 2 - (-6 - (-7 + -32) - -5 - -5)?
-41
What is the value of -62 + 64 - (-1 - -5 - -1) - -9?
6
38 + (-31 - -4) + (27 - -3)
41
What is (74 - (-69 - -115)) + (2 - -15)?
45
What is the value of (-6565 - -6667) + (-36 - -1)?
67
Evaluate (-6 - -149) + 3 + -7 + -1 + (-131 - -125).
132
What is 3 + (50 - 5) - -4 - (5 - -17 - 22)?
52
Evaluate 83 + (-65 - (5 - 1)).
14
What is the value of 59 + -17 - (-45 + 84)?
3
Evaluate 1 + (6 - (6 + (-22 - (5 - 7))) - 10).
11
Calculate (8 - (85 + -45)) + (106 - 1).
73
What is the value of 39 + -34 - (-44 - (-8 + 7 - (7 + -15)))?
56
What is the value of 17 + -5 + (88 + 67 + -146 - (1 - 92))?
112
What is -5 + 3 + 190 + -197 + (9 - 4 - 108)?
-112
What is -9 + 3 - 5 - (-533 - -563)?
-41
What is the value of (-480 + 474 - (6 + -3 + 30)) + -13?
-52
-2 + -38 - (0 + -3 - 0) - (-3 - -12)
-46
Calculate 10 - ((-4 - (1 - 17)) + 2 - 41).
37
Calculate 1172 - 1167 - ((2 - (-49 + 4)) + 4).
-46
106 - (-20 - -117 - 17)
26
Evaluate -2 - -7 - -2 - (-377 + 385) - (45 - 0).
-46
Evaluate 780 + -589 + -125 + 1.
67
61 - (30 + -76 + 39 - (-10 - -2))
60
Evaluate (-14 - (2 + -3)) + -1 - ((448 - 232) + -229).
-1
What is (2 - (8 + -33 + 14) - (8 + 2)) + -15?
-12
Evaluate 41 + -3 + (-15 - (-13 + (-2 - 8))).
46
-52 + (25 - (-105 + 79))
-1
Evaluate 1004 + -1010 + (26 - -11).
31
-18 - (-14 + -7 + 15) - (2 + 7)
-21
-37 - 12 - (916 - 868)
-97
What is -6 - (-3 - (96 - -2) - (-28 + 31 + -14))?
84
Calculate -82 + (0 - -2) - -7.
-73
Evaluate 18 - (27 - 3 - (-6 + 1)).
-11
What is (-35 - (-20 + 16)) + 37?
6
Calculate -1819 + 1788 + (26 - -2).
-3
Evaluate (15 + -14 - (3 + 4 + -1)) + -387 + 331.
-61
Evaluate (-94 - (-11 + -14)) + -6 + 19 + -7 + -8.
-71
Calculate -6 + 5 - (7 - (-8 - -11)).
-5
Evaluate -3 + (-41 - -21 - 16) + -6.
-45
Evaluate -137 + 184 + (17 - 14).
50
What is the value of 74 + 38 + -15 + -72?
25
What is the value of 98 + (-91 - 28) + 85?
64
Calculate -3 - (24 - (49 - 28)).
-6
What is 1 + 9 + 0 - -11 - (11 - (12 + 10))?
32
Evaluate -1 - (49 + (-16 - 56)).
22
Calculate (-5 + 6 - -17 - (-165 - -165)) + -41.
-23
What is (4 - 5) + -150 + 120 - -75?
44
Evaluate (2 - 4 - 17) + (19 - (-57 + 151)).
-94
What is the value of 61 + -22 - ((7 - -6) + -4)?
30
42 + (-48 - (-117 - -43))
68
(-129 - -62) + (-13 - (-10 - -8)) + -22
-100
What is 40 + (-1 + -7 - (-37 - (37 + -49)))?
57
62 - 1 - (-32 + (51 - (-5 - -24)))
61
What is -39 + (7 - -9) - (35 - 114)?
56
What is the value of -2 + -127 + 6104 + -5888?
87
7 + (2 - -2 - (-257 - -203))
65
What is the value of (1 - (63 + 1)) + -4606 + 4632?
-37
What is 1 - -122 - (113 + (12 - 140))?
138
Calculate 2 + 69 + (8486 - 8483).
74
Evaluate 62 - (264 + (4 - 111)).
-95
What is the value of -16 + -13 + 10 + 21 + (9 - -2)?
13
What is (1 - -40) + (-131 - -42 - -86)?
38
Evaluate -99 - (-78 + 78 + 1 + -26).
-74
Calculate (-31 - (33 + -55)) + 2 + 10 - 20.
-17
(23 + -33 - -21) + -15 - (0 + 8)
-12
What is 65 - (12 + (33 - 33) + (-20 - (1 - 6)))?
68
What is 54 + 8 - (0 - -21)?
41
Calculate (-10 - ((-15 - 2) + (-39 - -42))) + 5 + 5.
14
What is the value of (-35 - -38 - (-1 + (-2 - -17))) + -543 + 496?
-58
Evaluate (-35 - -18 - (1 - -7 - 19)) + (-8 - -1).
-13
Calculate (92 - 80) + 9 + -1 - 3.
17
Calculate 22 - (-502 - -579 - (-1 - -9)).
-47
What is the value of 42 + -71 + 1 - -71?
43
What is the value of -4 + (-27 - ((-7 - 4) + (18 + -14 - -15)))?
-39
What is 9 + -3 + (1 + 13 - (4 + 1 + -2))?
17
Calculate 1 + -1 - (-9 + 9 + 5 + 4 + 61).
-70
What is (-21 - (-8 + 21) - (2 + -8)) + 0?
-28
Evaluate -4 - 22 - 5 - (-12 - 3 - (-41 - -35)).
-22
Calculate 59 - (43 + -158 + 104).
70
Calculate (1 - 7) + 13 + 7 + -12 + 6 - 31.
-23
Calculate 149 - (-42 + 127) - 165.
-101
Calculate -58 - (-9 + 5 - (-28 + 4 - -7)).
-71
What is the value of -65 + -3 - (-677 - -602)?
7
Evaluate 82 - (-12 + 16 + -9 - 1) - (9 - 2).
81
Evaluate 21 + -40 + (32 - 50).
-37
What is -490 + 511 + (62 - -5 - 5)?
83
26 - 2 - 0 - (2789 + -2771)
6
What is -8 + 115 - ((-9 - (-12 - -1)) + -14)?
119
What is 16 - (25 - 8 - 22 - ((5 - 1) + -14))?
11
-42 + -37 + 19 + 31
-29
Calculate -148 + 79 + 46 + (-15 - -1).
-37
Calculate -32 + -3 - -55 - (-2 + 2 + 6).
14
What is 58 + -187 + (75 - -25)?
-29
What is the value of -37 - (2 + 120 + -117)?
-42
Evaluate 5 + -12 + 6 + -5 + 6 + (-5 - 5).
-10
(-6 - 70) + -459 + 477
-58
Evaluate -12 + -1 - (160 - (11 - -251)).
89
What is the value of 27 - ((-24 - (0 + -13)) + 14 + 10 + -7)?
21
Calculate 41 - (14 - (-6 + 1 - (35 - 45))).
32
2 + 6 + -10 + -5 - (-27 + 16 + -108)
112
Evaluate -57 + 146 + -39 - 21.
29
Evaluate (8 - (17 + (3 - 7))) + 2 - -84.
81
Calculate (42 - 33) + (0 - 8) + (-6 + 4 - -51).
50
-50 + -11 + 55 + 5
-1
(-121 - -122 - (0 + 0 + -3)) + 1 - -82
87
-6 - (63 + -56 - -17)
-30
What is -107 - (-84 + -128) - 36?
69
-28 + (43 - (-28 + 28))
15
What is (-23 - -59) + -46 + 3 + -4 + 3?
-8
What is 178 + (-112 - 12) - (-33 + 1)?
86
What is (3 - -89) + (12 - 37 - -4)?
71
35 - (-47 + 99 + -62)
45
Evaluate 3 + (-6 - 0) + -1 - (110 - 182 - -99).
-31
What is (4531 - 4472) + (-1 - 27)?
31
Calculate 28 + (-11 - 9 - 19).
-11
-15 + -3 + (-9 - -12) + 69 + -51
3
Evaluate (-1 - 1 - 1) + -8 - (34 + 45 + -110).
20
15 + -47 + 46 - (-36 + -13)
63
What is the value of -10 + 15 + 29 + -27 + 4 + (44 - 4)?
51
What is the value of 7 - (-41 - 1 - (168 - 80 - 98))?
39
What is 1 - 21 - (212 + -77 - 226)?
71
Calculate -1 + (11 - -1) + 2 - (-7998 - -7916) - -13.
108
5 - (10 - (12 + 12 - 15) - -38)
-34
Evaluate -12 + 15 + 2 + (6 - 0) - (-4 - -52).
-37
Evaluate -2 + (89 - 210 - -8).
-115
Calculate (-27 - -16) + 15 - (-59 + (-10 - -22)).
51
Calculate (180 - 161) + -3 + (-3 - 4) + 61.
70
Calculate 1 - (0 - -7) - ((13 - (-9 + 35)) + -5).
12
What is -22 + -26 + (-5 + (-15 - -19) - -16)?
-33
What is the value of 116 + (-135 - -83) - 62?
2
Evaluate -2 + 19 + 7 + (6 + 3 - 15).
18
What is 111 - (9 + 4 - (-17 + 19) - 6)?
106
Evaluate 236 + -142 - (12 + -13).
95
1 - -8 - (-986 - -1003) - -13
5
Calculate -9 + 1 + 26 + 10 + 12.
40
What is the value of -11 + (-18 - -28 - 23 - (1 + 14))?
-39
97 + 1 - (641 + -603)
60
What is -109 - -115 - (12 + -6 + -9 - -23)?
-14
What is -20 + -8 + 21 - (4 + 4 + -71)?
56
Calculate (1 - 19) + (156 - 160) + -16 - 6.
-44
Calculate 104 + 0 - 3 - (-270 - -137 - -110).
124
What is the value of 35 - 51 - (-2 + -67 + 13 + -9)?
49
What is (6 - 7) + 74 + -83 - -64?
54
What is (-2 - -11 - -10) + 15 + -18 + 106?
122
-3 + (10 - 3) + 3 - (-38 - -28)
17
What is the value of (0 - -10) + (9 - 13) + (-14 + 14 - -20)?
26
What is the value of -3 + 2 + -40 + (-39 - -28) + -5 + -1?
-58
What is the value of (-47 - -2) + 0 + (73 - 18) + -65?
-55
What is the value of 23 + 3 + -3 - (80 + 32 + -133)?
44
Evaluate -55 + (-10 - -47) - 19 - 46.
-83
What is the value of (31 - (8 - 44 - -27)) + -53?
-13
What is -25 + (-66 + 81 - -76)?
66
Calculate 5 - (7 + -11) - (-21 + -13 + 7).
36
Calculate -21 + -1 + 26 - (113 + -9 + -2).
-98
What is the value of -24 + (29 - (-52 + 76))?
-19
Calculate -23 + 91 + (-211 - -87).
-56
Calculate (-39 - -10) + 9 + 140 - 25.
95
Evaluate (2 - 8) + 3 + 6 + (35 - 11) + -1.
26
What is the value of 26 + (-27 + 41 - 16)?
24
What is the value of 65 + -20 + 10 + -5 - (-3 + 2 + 2)?
49
Calculate -1 + 28 - (-25 - -15 - 2) - -11.
50
Calculate 137 + (-119 - -12) + (1 - 22).
9
22 + 34 + -28 - 36
-8
Calculate 9 - (36 + -53 + -29).
55
What is -43 + -10 + 11 - (-12 - -9)?
-39
Calculate -80 + -23 - (98 - 188).
-13
What is the value of 11 + 20 + (20 - 42) + -118 - 16?
-125
What is -104 - -156 - (71 + 7)?
-26
Calculate 10 + -10 + 108 + 9 + -7 + -3 + 1.
108
18 + (-5 - 22 - (22 - 0))
-31
Calculate 2 + (-1 + 20 + -10 - 20 - (-2 - -2)).
-9
Evaluate 25 - (-10 + -7 + -9 + 9 - (-6 - 0)).
36
Evaluate (0 - 35) + (-1